{"id":781,"date":"2024-01-04T08:38:23","date_gmt":"2024-01-04T08:38:23","guid":{"rendered":"http:\/\/skyonegroup.us\/?page_id=781"},"modified":"2024-01-19T20:33:59","modified_gmt":"2024-01-19T20:33:59","slug":"careers","status":"publish","type":"page","link":"https:\/\/skyonegroup.us\/spa\/careers\/","title":{"rendered":"Carreras"},"content":{"rendered":"<div data-elementor-type=\"wp-page\" data-elementor-id=\"781\" class=\"elementor elementor-781\" data-elementor-post-type=\"page\">\n\t\t\t\t\t\t<section class=\"elementor-section elementor-top-section elementor-element elementor-element-2f8e7b7 elementor-section-boxed elementor-section-height-default elementor-section-height-default\" data-id=\"2f8e7b7\" data-element_type=\"section\" data-settings=\"{&quot;background_background&quot;:&quot;classic&quot;}\">\n\t\t\t\t\t\t\t<div class=\"elementor-background-overlay\"><\/div>\n\t\t\t\t\t\t\t<div class=\"elementor-container elementor-column-gap-default\">\n\t\t\t\t\t<div class=\"elementor-column elementor-col-100 elementor-top-column elementor-element elementor-element-f796f50\" data-id=\"f796f50\" data-element_type=\"column\">\n\t\t\t<div class=\"elementor-widget-wrap elementor-element-populated\">\n\t\t\t\t\t\t<div class=\"elementor-element elementor-element-7d547d4 elementor-icon-list--layout-inline elementor-list-item-link-full_width elementor-widget elementor-widget-icon-list\" data-id=\"7d547d4\" data-element_type=\"widget\" data-widget_type=\"icon-list.default\">\n\t\t\t\t<div class=\"elementor-widget-container\">\n\t\t\t\t\t\t\t<ul class=\"elementor-icon-list-items elementor-inline-items\">\n\t\t\t\t\t\t\t<li class=\"elementor-icon-list-item elementor-inline-item\">\n\t\t\t\t\t\t\t\t\t\t\t<a href=\"https:\/\/skyonegroup.us\/spa\/home\/\">\n\n\t\t\t\t\t\t\t\t\t\t\t<span class=\"elementor-icon-list-text\">Inicio<\/span>\n\t\t\t\t\t\t\t\t\t\t\t<\/a>\n\t\t\t\t\t\t\t\t\t<\/li>\n\t\t\t\t\t\t\t\t<li class=\"elementor-icon-list-item elementor-inline-item\">\n\t\t\t\t\t\t\t\t\t\t\t<a href=\"https:\/\/skyonegroup.us\/spa\/careers\/\">\n\n\t\t\t\t\t\t\t\t\t\t\t\t<span class=\"elementor-icon-list-icon\">\n\t\t\t\t\t\t\t<svg aria-hidden=\"true\" class=\"e-font-icon-svg e-fas-angle-right\" viewbox=\"0 0 256 512\" xmlns=\"http:\/\/www.w3.org\/2000\/svg\"><path d=\"M224.3 273l-136 136c-9.4 9.4-24.6 9.4-33.9 0l-22.6-22.6c-9.4-9.4-9.4-24.6 0-33.9l96.4-96.4-96.4-96.4c-9.4-9.4-9.4-24.6 0-33.9L54.3 103c9.4-9.4 24.6-9.4 33.9 0l136 136c9.5 9.4 9.5 24.6.1 34z\"><\/path><\/svg>\t\t\t\t\t\t<\/span>\n\t\t\t\t\t\t\t\t\t\t<span class=\"elementor-icon-list-text\"><\/span>\n\t\t\t\t\t\t\t\t\t\t\t<\/a>\n\t\t\t\t\t\t\t\t\t<\/li>\n\t\t\t\t\t\t<\/ul>\n\t\t\t\t\t\t<\/div>\n\t\t\t\t<\/div>\n\t\t\t\t<div class=\"elementor-element elementor-element-7398b3f elementor-widget elementor-widget-spacer\" data-id=\"7398b3f\" data-element_type=\"widget\" data-widget_type=\"spacer.default\">\n\t\t\t\t<div class=\"elementor-widget-container\">\n\t\t\t\t\t\t\t<div class=\"elementor-spacer\">\n\t\t\t<div class=\"elementor-spacer-inner\"><\/div>\n\t\t<\/div>\n\t\t\t\t\t\t<\/div>\n\t\t\t\t<\/div>\n\t\t\t\t<div class=\"elementor-element elementor-element-61fb4ed elementor-widget__width-initial elementor-widget elementor-widget-heading\" data-id=\"61fb4ed\" data-element_type=\"widget\" data-widget_type=\"heading.default\">\n\t\t\t\t<div class=\"elementor-widget-container\">\n\t\t\t\t\t<h2 class=\"elementor-heading-title elementor-size-default\">Hacer la diferencia.\nUnete a nuestro equipo.<\/h2>\t\t\t\t<\/div>\n\t\t\t\t<\/div>\n\t\t\t\t\t<\/div>\n\t\t<\/div>\n\t\t\t\t\t<\/div>\n\t\t<\/section>\n\t\t\t\t<section class=\"elementor-section elementor-top-section elementor-element elementor-element-39e2a32 elementor-section-full_width elementor-section-height-default elementor-section-height-default\" data-id=\"39e2a32\" data-element_type=\"section\">\n\t\t\t\t\t\t<div class=\"elementor-container elementor-column-gap-default\">\n\t\t\t\t\t<div class=\"elementor-column elementor-col-100 elementor-top-column elementor-element elementor-element-3585ee7\" data-id=\"3585ee7\" data-element_type=\"column\">\n\t\t\t<div class=\"elementor-widget-wrap elementor-element-populated\">\n\t\t\t\t\t\t<div class=\"elementor-element elementor-element-ab1034a elementor-widget elementor-widget-heading\" data-id=\"ab1034a\" data-element_type=\"widget\" data-widget_type=\"heading.default\">\n\t\t\t\t<div class=\"elementor-widget-container\">\n\t\t\t\t\t<h2 class=\"elementor-heading-title elementor-size-default\">\u00bfPor qu\u00e9 el equipo SkyOne?<\/h2>\t\t\t\t<\/div>\n\t\t\t\t<\/div>\n\t\t\t\t<div class=\"elementor-element elementor-element-d26bb5e elementor-widget__width-initial elementor-widget elementor-widget-text-editor\" data-id=\"d26bb5e\" data-element_type=\"widget\" data-widget_type=\"text-editor.default\">\n\t\t\t\t<div class=\"elementor-widget-container\">\n\t\t\t\t\t\t\t\t\t<p>Unirse a SkyOne no se trata s\u00f3lo de lo que haces; se trata de generar un impacto donde realmente cuenta. Nuestro equipo est\u00e1 impulsado por la b\u00fasqueda de la excelencia, el deseo de traspasar l\u00edmites y la pasi\u00f3n por ofrecer soluciones que impulsen el \u00e9xito de nuestros clientes. En SkyOne, colaborar\u00e1 con profesionales de primer nivel, participar\u00e1 en proyectos que desaf\u00edan e inspiran y contribuir\u00e1 a una cultura que celebra la innovaci\u00f3n, el aprendizaje y el crecimiento continuo. Invertimos en nuestra gente, ofreciendo oportunidades para desarrollarse, liderar y marcar la diferencia en un entorno din\u00e1mico y de apoyo.<\/p>\t\t\t\t\t\t\t\t<\/div>\n\t\t\t\t<\/div>\n\t\t\t\t<section class=\"elementor-section elementor-inner-section elementor-element elementor-element-f36b200 elementor-section-boxed elementor-section-height-default elementor-section-height-default\" data-id=\"f36b200\" data-element_type=\"section\">\n\t\t\t\t\t\t<div class=\"elementor-container elementor-column-gap-default\">\n\t\t\t\t\t<div class=\"elementor-column elementor-col-50 elementor-inner-column elementor-element elementor-element-a1826e0\" data-id=\"a1826e0\" data-element_type=\"column\">\n\t\t\t<div class=\"elementor-widget-wrap elementor-element-populated\">\n\t\t\t\t\t\t<div class=\"elementor-element elementor-element-80c467a elementor-widget elementor-widget-image\" data-id=\"80c467a\" data-element_type=\"widget\" data-widget_type=\"image.default\">\n\t\t\t\t<div class=\"elementor-widget-container\">\n\t\t\t\t\t\t\t\t\t\t\t\t\t\t\t<img fetchpriority=\"high\" decoding=\"async\" width=\"800\" height=\"551\" src=\"https:\/\/skyonegroup.us\/wp-content\/uploads\/2024\/01\/group-of-young-business-people-are-working-togethe-2023-11-27-05-33-45-utc-1024x705.jpg\" class=\"attachment-large size-large wp-image-1208\" alt=\"\" srcset=\"https:\/\/skyonegroup.us\/wp-content\/uploads\/2024\/01\/group-of-young-business-people-are-working-togethe-2023-11-27-05-33-45-utc-1024x705.jpg 1024w, https:\/\/skyonegroup.us\/wp-content\/uploads\/2024\/01\/group-of-young-business-people-are-working-togethe-2023-11-27-05-33-45-utc-300x207.jpg 300w, https:\/\/skyonegroup.us\/wp-content\/uploads\/2024\/01\/group-of-young-business-people-are-working-togethe-2023-11-27-05-33-45-utc-768x529.jpg 768w, https:\/\/skyonegroup.us\/wp-content\/uploads\/2024\/01\/group-of-young-business-people-are-working-togethe-2023-11-27-05-33-45-utc-1536x1058.jpg 1536w, https:\/\/skyonegroup.us\/wp-content\/uploads\/2024\/01\/group-of-young-business-people-are-working-togethe-2023-11-27-05-33-45-utc.jpg 1862w\" sizes=\"(max-width: 800px) 100vw, 800px\" \/>\t\t\t\t\t\t\t\t\t\t\t\t\t\t\t<\/div>\n\t\t\t\t<\/div>\n\t\t\t\t\t<\/div>\n\t\t<\/div>\n\t\t\t\t<div class=\"elementor-column elementor-col-50 elementor-inner-column elementor-element elementor-element-e7246d8\" data-id=\"e7246d8\" data-element_type=\"column\">\n\t\t\t<div class=\"elementor-widget-wrap elementor-element-populated\">\n\t\t\t\t\t\t<div class=\"elementor-element elementor-element-4de1f85 elementor-widget elementor-widget-heading\" data-id=\"4de1f85\" data-element_type=\"widget\" data-widget_type=\"heading.default\">\n\t\t\t\t<div class=\"elementor-widget-container\">\n\t\t\t\t\t<h2 class=\"elementor-heading-title elementor-size-default\">Ambiente<\/h2>\t\t\t\t<\/div>\n\t\t\t\t<\/div>\n\t\t\t\t<div class=\"elementor-element elementor-element-da13a0e elementor-widget elementor-widget-text-editor\" data-id=\"da13a0e\" data-element_type=\"widget\" data-widget_type=\"text-editor.default\">\n\t\t\t\t<div class=\"elementor-widget-container\">\n\t\t\t\t\t\t\t\t\t<p>\u00danase a nuestro equipo din\u00e1mico y en\u00e9rgico, donde los desaf\u00edos profesionales alimentan nuestro impulso y la innovaci\u00f3n es recibida con celebraci\u00f3n. Valoramos el pensamiento creativo y honramos los logros sobresalientes, asegurando un equilibrio entre trabajo duro y momentos agradables.<\/p>\t\t\t\t\t\t\t\t<\/div>\n\t\t\t\t<\/div>\n\t\t\t\t\t<\/div>\n\t\t<\/div>\n\t\t\t\t\t<\/div>\n\t\t<\/section>\n\t\t\t\t<section class=\"elementor-section elementor-inner-section elementor-element elementor-element-9e66981 elementor-reverse-mobile elementor-section-boxed elementor-section-height-default elementor-section-height-default\" data-id=\"9e66981\" data-element_type=\"section\">\n\t\t\t\t\t\t<div class=\"elementor-container elementor-column-gap-default\">\n\t\t\t\t\t<div class=\"elementor-column elementor-col-50 elementor-inner-column elementor-element elementor-element-d053992\" data-id=\"d053992\" data-element_type=\"column\">\n\t\t\t<div class=\"elementor-widget-wrap elementor-element-populated\">\n\t\t\t\t\t\t<div class=\"elementor-element elementor-element-3d5418e elementor-widget elementor-widget-heading\" data-id=\"3d5418e\" data-element_type=\"widget\" data-widget_type=\"heading.default\">\n\t\t\t\t<div class=\"elementor-widget-container\">\n\t\t\t\t\t<h2 class=\"elementor-heading-title elementor-size-default\">Gente<\/h2>\t\t\t\t<\/div>\n\t\t\t\t<\/div>\n\t\t\t\t<div class=\"elementor-element elementor-element-1c3e59e elementor-widget elementor-widget-text-editor\" data-id=\"1c3e59e\" data-element_type=\"widget\" data-widget_type=\"text-editor.default\">\n\t\t\t\t<div class=\"elementor-widget-container\">\n\t\t\t\t\t\t\t\t\t<p>\u00danase a un equipo de profesionales con visi\u00f3n de futuro en SkyOne, donde las ideas innovadoras impulsan el \u00e9xito de nuestro negocio. Se anima constantemente a nuestra red global de expertos a mantenerse al tanto de las \u00faltimas tendencias en gesti\u00f3n de proyectos, consultor\u00eda y mejora continua. Este compromiso solidifica nuestra posici\u00f3n como l\u00edder del mercado y garantiza su desarrollo y crecimiento profesional continuo en una industria en constante evoluci\u00f3n.<\/p>\t\t\t\t\t\t\t\t<\/div>\n\t\t\t\t<\/div>\n\t\t\t\t\t<\/div>\n\t\t<\/div>\n\t\t\t\t<div class=\"elementor-column elementor-col-50 elementor-inner-column elementor-element elementor-element-9f72677\" data-id=\"9f72677\" data-element_type=\"column\">\n\t\t\t<div class=\"elementor-widget-wrap elementor-element-populated\">\n\t\t\t\t\t\t<div class=\"elementor-element elementor-element-ba21ec7 elementor-widget elementor-widget-image\" data-id=\"ba21ec7\" data-element_type=\"widget\" data-widget_type=\"image.default\">\n\t\t\t\t<div class=\"elementor-widget-container\">\n\t\t\t\t\t\t\t\t\t\t\t\t\t\t\t<img decoding=\"async\" width=\"800\" height=\"538\" src=\"https:\/\/skyonegroup.us\/wp-content\/uploads\/2024\/01\/joyous-group-of-office-staff-jumping-around-and-ha-2023-11-27-05-00-05-utc-1024x688.jpg\" class=\"attachment-large size-large wp-image-1212\" alt=\"\" srcset=\"https:\/\/skyonegroup.us\/wp-content\/uploads\/2024\/01\/joyous-group-of-office-staff-jumping-around-and-ha-2023-11-27-05-00-05-utc-1024x688.jpg 1024w, https:\/\/skyonegroup.us\/wp-content\/uploads\/2024\/01\/joyous-group-of-office-staff-jumping-around-and-ha-2023-11-27-05-00-05-utc-300x202.jpg 300w, https:\/\/skyonegroup.us\/wp-content\/uploads\/2024\/01\/joyous-group-of-office-staff-jumping-around-and-ha-2023-11-27-05-00-05-utc-768x516.jpg 768w, https:\/\/skyonegroup.us\/wp-content\/uploads\/2024\/01\/joyous-group-of-office-staff-jumping-around-and-ha-2023-11-27-05-00-05-utc-1536x1032.jpg 1536w, https:\/\/skyonegroup.us\/wp-content\/uploads\/2024\/01\/joyous-group-of-office-staff-jumping-around-and-ha-2023-11-27-05-00-05-utc.jpg 1860w\" sizes=\"(max-width: 800px) 100vw, 800px\" \/>\t\t\t\t\t\t\t\t\t\t\t\t\t\t\t<\/div>\n\t\t\t\t<\/div>\n\t\t\t\t\t<\/div>\n\t\t<\/div>\n\t\t\t\t\t<\/div>\n\t\t<\/section>\n\t\t\t\t<section class=\"elementor-section elementor-inner-section elementor-element elementor-element-c0b9e3c elementor-section-boxed elementor-section-height-default elementor-section-height-default\" data-id=\"c0b9e3c\" data-element_type=\"section\">\n\t\t\t\t\t\t<div class=\"elementor-container elementor-column-gap-default\">\n\t\t\t\t\t<div class=\"elementor-column elementor-col-50 elementor-inner-column elementor-element elementor-element-142016d\" data-id=\"142016d\" data-element_type=\"column\">\n\t\t\t<div class=\"elementor-widget-wrap elementor-element-populated\">\n\t\t\t\t\t\t<div class=\"elementor-element elementor-element-d784140 elementor-widget elementor-widget-image\" data-id=\"d784140\" data-element_type=\"widget\" data-widget_type=\"image.default\">\n\t\t\t\t<div class=\"elementor-widget-container\">\n\t\t\t\t\t\t\t\t\t\t\t\t\t\t\t<img decoding=\"async\" width=\"800\" height=\"464\" src=\"https:\/\/skyonegroup.us\/wp-content\/uploads\/2024\/01\/young-diverse-people-having-fun-outdoor-laughing-t-2023-11-27-05-21-45-utc-1024x594.jpg\" class=\"attachment-large size-large wp-image-1220\" alt=\"\" srcset=\"https:\/\/skyonegroup.us\/wp-content\/uploads\/2024\/01\/young-diverse-people-having-fun-outdoor-laughing-t-2023-11-27-05-21-45-utc-1024x594.jpg 1024w, https:\/\/skyonegroup.us\/wp-content\/uploads\/2024\/01\/young-diverse-people-having-fun-outdoor-laughing-t-2023-11-27-05-21-45-utc-300x174.jpg 300w, https:\/\/skyonegroup.us\/wp-content\/uploads\/2024\/01\/young-diverse-people-having-fun-outdoor-laughing-t-2023-11-27-05-21-45-utc-768x446.jpg 768w, https:\/\/skyonegroup.us\/wp-content\/uploads\/2024\/01\/young-diverse-people-having-fun-outdoor-laughing-t-2023-11-27-05-21-45-utc-1536x891.jpg 1536w, https:\/\/skyonegroup.us\/wp-content\/uploads\/2024\/01\/young-diverse-people-having-fun-outdoor-laughing-t-2023-11-27-05-21-45-utc.jpg 1568w\" sizes=\"(max-width: 800px) 100vw, 800px\" \/>\t\t\t\t\t\t\t\t\t\t\t\t\t\t\t<\/div>\n\t\t\t\t<\/div>\n\t\t\t\t\t<\/div>\n\t\t<\/div>\n\t\t\t\t<div class=\"elementor-column elementor-col-50 elementor-inner-column elementor-element elementor-element-2e7ac1d\" data-id=\"2e7ac1d\" data-element_type=\"column\">\n\t\t\t<div class=\"elementor-widget-wrap elementor-element-populated\">\n\t\t\t\t\t\t<div class=\"elementor-element elementor-element-8652d2f elementor-widget elementor-widget-heading\" data-id=\"8652d2f\" data-element_type=\"widget\" data-widget_type=\"heading.default\">\n\t\t\t\t<div class=\"elementor-widget-container\">\n\t\t\t\t\t<h2 class=\"elementor-heading-title elementor-size-default\">Cultura<\/h2>\t\t\t\t<\/div>\n\t\t\t\t<\/div>\n\t\t\t\t<div class=\"elementor-element elementor-element-bdbc402 elementor-widget elementor-widget-text-editor\" data-id=\"bdbc402\" data-element_type=\"widget\" data-widget_type=\"text-editor.default\">\n\t\t\t\t<div class=\"elementor-widget-container\">\n\t\t\t\t\t\t\t\t\t<p>En SkyOne, adopte un entorno de equipo global y multicultural. Nuestra cultura diversa e inclusiva fomenta la innovaci\u00f3n y el crecimiento profesional, celebrando perspectivas variadas y el \u00e9xito colaborativo.<\/p>\t\t\t\t\t\t\t\t<\/div>\n\t\t\t\t<\/div>\n\t\t\t\t\t<\/div>\n\t\t<\/div>\n\t\t\t\t\t<\/div>\n\t\t<\/section>\n\t\t\t\t\t<\/div>\n\t\t<\/div>\n\t\t\t\t\t<\/div>\n\t\t<\/section>\n\t\t\t\t<section class=\"elementor-section elementor-top-section elementor-element elementor-element-ff5cd79 elementor-section-boxed elementor-section-height-default elementor-section-height-default\" data-id=\"ff5cd79\" data-element_type=\"section\" data-settings=\"{&quot;background_background&quot;:&quot;classic&quot;}\">\n\t\t\t\t\t\t<div class=\"elementor-container elementor-column-gap-default\">\n\t\t\t\t\t<div class=\"elementor-column elementor-col-100 elementor-top-column elementor-element elementor-element-bddc81a\" data-id=\"bddc81a\" data-element_type=\"column\">\n\t\t\t<div class=\"elementor-widget-wrap elementor-element-populated\">\n\t\t\t\t\t\t<div class=\"elementor-element elementor-element-1e370e0 elementor-widget elementor-widget-heading\" data-id=\"1e370e0\" data-element_type=\"widget\" data-widget_type=\"heading.default\">\n\t\t\t\t<div class=\"elementor-widget-container\">\n\t\t\t\t\t<h2 class=\"elementor-heading-title elementor-size-default\">Encuentra el trabajo de tus sue\u00f1os.<\/h2>\t\t\t\t<\/div>\n\t\t\t\t<\/div>\n\t\t\t\t<div class=\"elementor-element elementor-element-da23d1d elementor-widget elementor-widget-text-editor\" data-id=\"da23d1d\" data-element_type=\"widget\" data-widget_type=\"text-editor.default\">\n\t\t\t\t<div class=\"elementor-widget-container\">\n\t\t\t\t\t\t\t\t\t<p>Si solo desea otro trabajo, es posible que no seamos la persona adecuada. Si desea una carrera con espacio para crecer, rodeado de compa\u00f1eros de equipo apasionados y con ideas afines a quienes les encanta hacer grandes cosas, consulte nuestras vacantes actuales y pong\u00e1monos manos a la obra.<\/p>\t\t\t\t\t\t\t\t<\/div>\n\t\t\t\t<\/div>\n\t\t\t\t<div class=\"elementor-element elementor-element-fd2b65c elementor-align-center elementor-widget elementor-widget-button\" data-id=\"fd2b65c\" data-element_type=\"widget\" data-widget_type=\"button.default\">\n\t\t\t\t<div class=\"elementor-widget-container\">\n\t\t\t\t\t\t\t\t\t<div class=\"elementor-button-wrapper\">\n\t\t\t\t\t<a class=\"elementor-button elementor-button-link elementor-size-sm\" href=\"https:\/\/skyonegroup.us\/spa\/open-positions\/\">\n\t\t\t\t\t\t<span class=\"elementor-button-content-wrapper\">\n\t\t\t\t\t\t\t\t\t<span class=\"elementor-button-text\">Buscar posiciones abiertas<\/span>\n\t\t\t\t\t<\/span>\n\t\t\t\t\t<\/a>\n\t\t\t\t<\/div>\n\t\t\t\t\t\t\t\t<\/div>\n\t\t\t\t<\/div>\n\t\t\t\t\t<\/div>\n\t\t<\/div>\n\t\t\t\t\t<\/div>\n\t\t<\/section>\n\t\t\t\t<\/div>","protected":false},"excerpt":{"rendered":"<p>Home Make a difference. Join our team. Why SkyOne Team? Joining SkyOne isn&#8217;t just about what you do; it&#8217;s about making an impact where it truly counts. Our team is driven by the pursuit of excellence, the desire to push boundaries, and the passion for delivering solutions that drive the success of our clients. At [&hellip;]<\/p>\n","protected":false},"author":1,"featured_media":0,"parent":0,"menu_order":0,"comment_status":"closed","ping_status":"closed","template":"elementor_header_footer","meta":{"footnotes":""},"_links":{"self":[{"href":"https:\/\/skyonegroup.us\/spa\/wp-json\/wp\/v2\/pages\/781"}],"collection":[{"href":"https:\/\/skyonegroup.us\/spa\/wp-json\/wp\/v2\/pages"}],"about":[{"href":"https:\/\/skyonegroup.us\/spa\/wp-json\/wp\/v2\/types\/page"}],"author":[{"embeddable":true,"href":"https:\/\/skyonegroup.us\/spa\/wp-json\/wp\/v2\/users\/1"}],"replies":[{"embeddable":true,"href":"https:\/\/skyonegroup.us\/spa\/wp-json\/wp\/v2\/comments?post=781"}],"version-history":[{"count":71,"href":"https:\/\/skyonegroup.us\/spa\/wp-json\/wp\/v2\/pages\/781\/revisions"}],"predecessor-version":[{"id":1494,"href":"https:\/\/skyonegroup.us\/spa\/wp-json\/wp\/v2\/pages\/781\/revisions\/1494"}],"wp:attachment":[{"href":"https:\/\/skyonegroup.us\/spa\/wp-json\/wp\/v2\/media?parent=781"}],"curies":[{"name":"wp","href":"https:\/\/api.w.org\/{rel}","templated":true}]}}